 13?
10
What is the remainder when 2561 is divided by 14?
13
What is the remainder when 601 is divided by 199?
4
Calculate the remainder when 456 is divided by 23.
19
Calculate the remainder when 154 is divided by 32.
26
What is the remainder when 525 is divided by 16?
13
Calculate the remainder when 1290 is divided by 422.
24
What is the remainder when 609 is divided by 34?
31
Calculate the remainder when 4740 is divided by 153.
150
Calculate the remainder when 11865 is divided by 258.
255
What is the remainder when 49 is divided by 17?
15
Calculate the remainder when 335 is divided by 48.
47
Calculate the remainder when 570 is divided by 27.
3
What is the remainder when 2399 is divided by 2393?
6
What is the remainder when 490 is divided by 3?
1
Calculate the remainder when 171 is divided by 53.
12
Calculate the remainder when 548 is divided by 24.
20
Calculate the remainder when 1218 is divided by 53.
52
Calculate the remainder when 75 is divided by 10.
5
What is the remainder when 72 is divided by 3?
0
Calculate the remainder when 58 is divided by 21.
16
Calculate the remainder when 553 is divided by 23.
1
Calculate the remainder when 9746 is divided by 13.
9
Calculate the remainder when 298 is divided by 60.
58
Calculate the remainder when 6329 is divided by 44.
37
What is the remainder when 4031 is divided by 21?
20
What is the remainder when 1870 is divided by 13?
11
Calculate the remainder when 808 is divided by 27.
25
What is the remainder when 751 is divided by 16?
15
Calculate the remainder when 61 is divided by 13.
9
What is the remainder when 695 is divided by 39?
32
What is the remainder when 66753 is divided by 169?
167
Calculate the remainder when 3646 is divided by 14.
6
What is the remainder when 1562 is divided by 111?
8
What is the remainder when 165 is divided by 3?
0
Calculate the remainder when 533 is divided by 39.
26
What is the remainder when 2479 is divided by 617?
11
What is the remainder when 150 is divided by 53?
44
What is the remainder when 357 is divided by 4?
1
Calculate the remainder when 857 is divided by 260.
77
What is the remainder when 282 is divided by 55?
7
What is the remainder when 2456 is divided by 60?
56
Calculate the remainder when 342 is divided by 215.
127
Calculate the remainder when 285 is divided by 36.
33
Calculate the remainder when 258 is divided by 7.
6
Calculate the remainder when 429 is divided by 54.
51
Calculate the remainder when 66 is divided by 23.
20
What is the remainder when 93 is divided by 27?
12
Calculate the remainder when 4639 is divided by 244.
3
What is the remainder when 140 is divided by 11?
8
What is the remainder when 325 is divided by 49?
31
Calculate the remainder when 162 is divided by 99.
63
Calculate the remainder when 132 is divided by 68.
64
Calculate the remainder when 162 is divided by 48.
18
What is the remainder when 339 is divided by 170?
169
Calculate the remainder when 29 is divided by 14.
1
Calculate the remainder when 8088 is divided by 38.
32
What is the remainder when 668 is divided by 36?
20
What is the remainder when 243 is divided by 139?
104
What is the remainder when 1293 is divided by 5?
3
What is the remainder when 220 is divided by 30?
10
What is the remainder when 301 is divided by 99?
4
What is the remainder when 37 is divided by 10?
7
Calculate the remainder when 336 is divided by 3.
0
What is the remainder when 105 is divided by 50?
5
What is the remainder when 730 is divided by 180?
10
Calculate the remainder when 6718 is divided by 7.
5
Calculate the remainder when 340 is divided by 75.
40
Calculate the remainder when 601 is divided by 42.
13
Calculate the remainder when 418 is divided by 37.
11
Calculate the remainder when 289 is divided by 34.
17
Calculate the remainder when 58 is divided by 36.
22
Calculate the remainder when 525 is divided by 8.
5
What is the remainder when 2808 is divided by 398?
22
Calculate the remainder when 12997 is divided by 26.
23
Calculate the remainder when 108 is divided by 25.
8
Calculate the remainder when 763 is divided by 17.
15
Calculate the remainder when 537 is divided by 60.
57
What is the remainder when 32 is divided by 14?
4
Calculate the remainder when 2213 is divided by 27.
26
Calculate the remainder when 1757 is divided by 16.
13
Calculate the remainder when 319 is divided by 29.
0
What is the remainder when 286 is divided by 8?
6
What is the remainder when 3392 is divided by 170?
162
What is the remainder when 66 is divided by 30?
6
Calculate the remainder when 2490 is divided by 29.
25
What is the remainder when 953 is divided by 159?
158
Calculate the remainder when 87 is divided by 13.
9
Calculate the remainder when 19 is divided by 4.
3
What is the remainder when 61 is divided by 41?
20
Calculate the remainder when 121 is divided by 24.
1
Calculate the remainder when 287 is divided by 73.
68
What is the remainder when 75 is divided by 28?
19
Calculate the remainder when 102 is divided by 43.
16
What is the remainder when 463 is divided by 435?
28
What is the remainder when 11 is divided by 5?
1
Calculate the remainder when 1757 is divided by 16.
13
Calculate the remainder when 232 is divided by 88.
56
What is the remainder when 284 is divided by 53?
19
What is the remainder when 474 is divided by 283?
191
What is the remainder when 2364 is divided by 2362?
2
Calculate the remainder when 308 is divided by 299.
9
What is the remainder when 6960 is divided by 6953?
7
What is the remainder when 133 is divided by 69?
64
What is the remainder when 227 is divided by 57?
56
What is the remainder when 65 is divided by 21?
2
What is the remainder when 6156 is divided by 101?
96
Calculate the remainder when 1176 is divided by 585.
6
What is the remainder when 760 is divided by 247?
19
Calculate the remainder when 746 is divided by 15.
11
What is the remainder when 12211 is divided by 71?
70
What is the remainder when 91 is divided by 58?
33
What is the remainder when 7484 is divided by 64?
60
Calculate the remainder when 278 is divided by 126.
26
What is the remainder when 375 is divided by 206?
169
Calculate the remainder when 88 is divided by 3.
1
Calculate the remainder when 1101 is divided by 184.
181
What is the remainder when 1132 is divided by 24?
4
Calculate the remainder when 182 is divided by 11.
6
What is the remainder when 931 is divided by 300?
31
Calculate the remainder when 614 is divided by 99.
20
Calculate the remainder when 22820 is divided by 18.
14
Calculate the remainder when 9099 is divided by 70.
69
Calculate the remainder when 109 is divided by 92.
17
Calculate the remainder when 1273 is divided by 378.
139
What is the remainder when 1147 is divided by 223?
32
What is the remainder when 1101 is divided by 69?
66
What is the remainder when 413 is divided by 53?
42
What is the remainder when 503 is divided by 14?
13
What is the remainder when 46 is divided by 4?
2
What is the remainder when 248 is divided by 88?
72
Calculate the remainder when 22 is divided by 5.
2
What is the remainder when 23 is divided by 12?
11
What is the remainder when 42 is divided by 5?
2
Calculate the remainder when 259 is divided by 72.
43
What is the remainder when 92 is divided by 1?
0
What is the remainder when 692 is divided by 7?
6
Calculate the remainder when 191 is divided by 32.
31
Calculate the remainder when 320 is divided by 164.
156
What is the remainder when 99 is divided by 74?
25
What is the remainder when 1395 is divided by 127?
125
What is the remainder when 503 is divided by 39?
35
Calculate the remainder when 284 is divided by 12.
8
Calculate the remainder when 2476 is divided by 21.
19
Calculate the remainder when 158 is divided by 87.
71
Calculate the remainder when 77 is divided by 20.
17
What is the remainder when 259 is divided by 121?
17
Calculate the remainder when 1220 is divided by 59.
40
Calculate the remainder when 64 is divided by 22.
20
What is the remainder when 971 is divided by 12?
11
Calculate the remainder when 25 is divided by 23.
2
Calculate the remainder when 908 is divided by 38.
34
Calculate the remainder when 22635 is divided by 42.
39
Calculate the remainder when 1959 is divided by 10.
9
Calculate the remainder when 172 is divided by 162.
10
Calculate